(3 - -12)
-11
Calculate 3 - (12 + 2 + -7 + -4).
0
Calculate 3 + (-2 - -3) + -3 + -4.
-3
Calculate 0 - (7 + (3 - (-1 + 6))).
-5
8 + -5 - (2 + 7 - 1)
-5
Evaluate (3 + -4 + -4 - -2) + -2.
-5
What is -8 + 4 + -3 - -2?
-5
Calculate -5 - (-6 + 6 + -2) - 0.
-3
What is the value of 4 + -4 + (-2 - 3)?
-5
2 - 1 - (-1 - (1 + -6))
-3
0 + -5 - (90 + -92)
-3
Evaluate 2 - 1 - (-3 + 2).
2
What is the value of 18 - 21 - (-9 - (-2 - -4))?
8
What is 9 + -5 + -4 + 1?
1
(0 + -6 - -5) + 2 + 0
1
What is (-1 - 14) + (2 - -5) + 17?
9
What is the value of -9 + 6 - -6 - 10?
-7
What is -41 - -53 - (21 - 1)?
-8
What is -5 + 4 - 4 - -4?
-1
Calculate (-2 - -6 - 9) + 0.
-5
Calculate -1 + -11 + 0 + 19.
7
Evaluate 9 - ((4 - 1) + 1).
5
1 - 0 - (20 + -24)
5
Evaluate 2 + (-1 - -1 - -5 - 0).
7
Evaluate 0 - (-3 - 5 - -5).
3
4 + 2 + -4 + -2
0
What is -2 + 5 - 10 - -6 - 3?
-4
What is (-3 - -2) + 1 + -4?
-4
What is the value of -8 + (3 - 8) + 4 - -4?
-5
What is the value of -2 + 4 + -3 - -4 - 0?
3
What is -24 + 26 - (1 - (0 + 0))?
1
What is 1 + (-4 - -1) - 4?
-6
Evaluate 3 - (5 + -3) - -2.
3
What is 1 + -4 - (-6 - (0 - 3))?
0
3 - (5 - (5 - 2))
1
Calculate 11 - (23 + (7 - 16)).
-3
Evaluate 8 - (6 + -10 + 10).
2
4 + -10 - (-11 - 0 - 0)
5
Calculate (6 - -1) + -38 + 21 + 4.
-6
Calculate -4 + 11 + -15 + 0 + 13.
5
Evaluate 0 + 4 + -22 + 17.
-1
Evaluate -6 - (3 + (0 - 16) - -3).
4
What is the value of -7 + 10 - (9 - 3)?
-3
What is -6 + 8 + (7 - 2 - 7)?
0
Evaluate 2 + -10 - 1 - (3 + -7).
-5
Evaluate 6 - (2 - (-5 + 1 + 2)).
2
What is the value of (-6 - -8) + (-1 - 3) + 3?
1
What is -4 + 1 + -3 + -3 - -3?
-6
Calculate -2 + 1 + (-13 - -7) + 7.
0
What is the value of 6 + -3 + 2 + (1 - 5)?
1
2 - (-4 + 8 + -2 + -3)
3
2 + -3 - -1 - (49 + -56)
7
What is -2 + 2 - ((-10 - -1) + 9)?
0
What is (-3 - -16) + -5 + -6 - 2?
0
What is 2 + (1 - 0) - (11 + -4)?
-4
What is 3 - (22 - 6) - -6?
-7
5 - (-2 + -4 + 16 + -4)
-1
-11 - -8 - (0 - 1)
-2
Calculate -4 + -1 - (-5 + 5 + 0).
-5
What is (6 - 9) + (3 - -1)?
1
What is (-22 - -11 - 0) + 0 + 5?
-6
1 + 2 + (14 - (3 + 10))
4
What is 39 - 36 - (3 + -1)?
1
11 + (-9 - (-5 - -6))
1
What is -3 + 2 + -6 + 1 + 4?
-2
Calculate -2 + 5 + 4 + -2.
5
Evaluate 12 + 0 + -11 + 3.
4
What is 0 + -6 + 2 - -3?
-1
What is 3 + -5 + (-3 - -1) - 7?
-11
Calculate 0 - (-2 + 3) - (3 - 4).
0
1 + 1 + (2 - -2 - 1)
5
What is 7 + 1 - (7 + -3)?
4
What is (-3 - (-4 - -5)) + (0 - 1)?
-5
Calculate 8 - (3 - -1) - 4.
0
(-7 - -6 - 3) + 5
1
Evaluate 0 + (-2 - 1) + -4 - 2.
-9
What is the value of (0 - (3 - (0 + -1))) + 6?
2
Calculate -10 - (-2 - (13 - 8)).
-3
Evaluate (-10 - (-9 - -4)) + 5.
0
Calculate -6 - (-5 + 2 + -3).
0
Calculate (-3 - -4) + (2 - 6).
-3
Calculate -3 - (4 - 8 - -4).
-3
Calculate -23 - -21 - (2 + -1) - 1.
-4
Calculate (5 - (4 + 5)) + 5.
1
Evaluate 8 + -8 - 4 - -4.
0
5 - ((8 - 4) + 2)
-1
Evaluate 4 - 11 - -1 - -2.
-4
0 - (5 - (-6 - (4 + -20)))
5
What is 5 - (-2 + -5 - -9) - 8?
-5
What is 8 + (-4 - (-4 + -1) - 6)?
3
3 - 5 - (4 + -6 - -4)
-4
What is 2 - (0 - -2) - (2 + 2)?
-4
(-4 - (2 + -8)) + -2
0
What is 0 - 1 - (-1 + -2 + 1)?
1
What is the value of -2 + (-5 - (2 + -2 + -10))?
3
What is the value of 6 + (0 - (7 - (-3 + 7)))?
3
Evaluate 4 + -1 + -4 - (11 + -5).
-7
Calculate 5 - (5 + -1 + 3 - 3).
1
What is -6 - -7 - (2 + (-4 - -2))?
1
Calculate (2 - 3) + (4 - (1 - -1)).
1
1 - -2 - (8 + -6)
1
Calculate 4 + (-1 - -5) + -3 + -8.
-3
Calculate (0 + 1 + 1 - 2) + 1.
1
Calculate 6 + -6 + 3 + (-57 - -65).
11
Calculate (-6 - -34 - 13) + -10.
5
1 - (9 - 4) - -7
3
3 + 4 - 7 - (8 - 5)
-3
Evaluate -6 - (5 + 0 + 19 + -36).
6
Evaluate (-12 + 6 + 0 - 1) + 10.
3
Calculate 5 - (11 + (0 - 10)).
4
Evaluate (-38 - (-16 + -11)) + 3 + 0.
-8
What is the value of -2 + 4 + (2 - 2 - 6)?
-4
Calculate 2 + (-2 - -4) + -5 - -2.
1
Evaluate -21 + (11 + 0 - -3).
-7
What is 4 - (25 + -13) - (-4 + -1)?
-3
Calculate (1 - 1) + (0 - 2 - -1).
-1
Evaluate -14 + 4 - (1 + 0 + -7).
-4
What is -2 + 10 - (3 + 1 + -2)?
6
Calculate -4 + (1 - -1) + (10 - 3).
5
-5 - (3 - (1 - -2))
-5
What is the value of (3 - 15) + (18 - 16) + 2?
-8
(1 - 1) + 2 - -1
3
Calculate 1 + -6 + 16 + -6.
5
2 + (-9 - (-7 - 2))
2
14 + -18 - (1 + -4)
-1
What is the value of -4 - (1 - 0) - -12?
7
Evaluate 2 + (0 - 0 - 6).
-4
What is 0 - (-1 + 1 - 4)?
4
What is the value of 0 + (5 - 4) - (-3 - -1)?
3
Calculate 37 - 35 - (-7 + 2).
7
Evaluate 1 - (5 + -9 + 1).
4
What is the value of 0 - 5 - (-3 + -1 + 4)?
-5
7 + -6 + 3 + -10
-6
Evaluate 0 - 5 - (116 - 129).
8
What is (-2 - (-4 - (0 - 0))) + 2?
4
Evaluate 9 + -1 + 1 + -4 - 0.
5
What is the value of (2 - 1) + (-8 - (-8 - -5))?
-4
-3 + (-2 - -2) - 1
-4
What is (-2 - 5) + 3 - -2?
-2
0 + -9 - (145 + -154)
0
Calculate 2 + (-1 - 2) + 9 + -13.
-5
Evaluate -9 - (4 + -3) - -9.
-1
1 - (-7 + (6 - -1))
1
48 - 43 - (11 - -2)
-8
Evaluate -2 + 3 + -5 + 7 + -4.
-1
Calculate 0 + (3 + -6 + -2 - -4).
-1
(-6 - (-6 + 0)) + -6 + 13
7
Evaluate (-1 - -1) + -9 + 11 - 4.
-2
What is -1 - -9 - (-19 - -25)?
2
(0 - -3) + (0 - 4)
-1
What is (5 - -1) + (3 - 6 - -1)?
4
What is 2 - (-5 + 5 + 0 + 3)?
-1
What is -9 - (-24 - (-1 + -8))?
6
Evaluate (3 - 8) + 9 + -7 + 6.
3
What is -5 + 2 + -4 + -6 + 13?
0
-2 + 11 - 6 - (-1 - 4)
8
What is -3 + (-10 - -10) + 10?
7
What is 3 + 5 + -8 + (3 - -1)?
4
What is (-5 - -23) + -11 - (3 - 0)?
4
Calculate 3 - (4 - 4) - 3.
0
(6 - -1) + (-11 - -28 - 20)
4
What is 0 + 3 + -58 + 58?
3
What is the value of -1 + 1 + 2 + 2 + -7?
-3
What is the value of -1 + -7 + 1 + 1 - -5?
-1
13 + -12 - (1 - -2)
-2
Evaluate 6 + (0 - 1) + -5.
0
23 + (-12 - -3) - 9
5
What is 4 + 0 - ((14 - 13) + 7)?
-4
Calculate 17 + 1 - (-14 + 26).
6
What is the value of -2 - -5 - (5 + -10 + 9)?
-1
Calculate (4 - (3 + -1)) + 0 + -4.
-2
(-5 - (-8 - -3)) + -7 + 0
-7
Evaluate 2 + (-1 + 1 - (31 + -34)).
5
Calculate 0 - (-2 + -1 + 1).
2
What is the value of (0 - -13) + -108 + 89?
-6
Evaluate 1 - (1 + 5) - (64 - 63).
-6
What is the value of (-1 + -4 - 2) + 2 - -3?
-2
Calculate -2 - (-1 + -1 - -5).
-5
Evaluate 5 + (-7 - (-1 + -2)).
1
What is -8 - (-11 - (0 - 12))?
-9
Evaluate 17 + -7 + 3 - 5.
8
What is 0 - 0 - (-8 - -8)?
0
-2 - (-6 + 4 - 2) - -2
4
Calculate 0 - (2 + -9) - (-37 + 42).
2
What is 8 + (6 - 10) + 1 + -2?
3
0 - (0 - -1 - (-2 - 1))
-4
What is 10 + -3 + -7 + 6 + -2?
4
Calculate 3 + 0 + (-7 - 0 - -1).
-3
Evaluate -7 + 2 + 1 + 6 + 0.
2
What is the value of -1 + 7 + -7 + 8 + -2?
5
Calculate 2 + 1 - (12 + -8).
-1
Evaluate 0 - -5 - (3 - 1).
3
Calculate -2 + 11 + -9 - -5.
5
What is the value of 9 + -4 - -5 - 7?
3
What is 2 + 5 + -3 + 0 + 1?
5
-7 - (8 - (-6 + 14)) - -3
-4
-5 + (1 - 1) + (-3 - -10)
2
What is the value of 0 + (1 - (2 + -4))?
3
What is the value of 10 + (6 - (1 - -6))?
9
(6 - 0) + -3 + 0
3
Evaluate (10 - 0) + 1 + 0 + -3.
8
What is 84 + -89 - (0 - 2)?
-3
What is the value of (2 - 3 - 2 - 2) + 3?
-2
Calculate (-6 - -5) + 1 + 0 + 2.
2
Evaluate 0 - (-5 + 4) - 3.
-2
Calculate -3 + (2 - 7) + 8.
0
What is 0 + 0 - (2 - (-14 + 19))?
3
Calculate -1 + 2 - (6 - 9).
4
What is the value of 4 + (5 + 4 - 6)?
7
-12 + -1 + -2 + 9
-6
What is -6 + (6 - -4 - 5) - -4?
3
What is -3 + 0 - (13 + (-19 - -3))?
0
What is the value of -9 - (-5 - -1) - -6?
1
What is (4 - (-2 - -3)) + (-4 - -1)?
0
Calculate (-6 - (3 + 3)) + 5.
-7
What is (-3 - (-1 - (-3 - 2))) + 4?
-3
What is the value of (-6 - (-4 - -7)) + 7?
-2
What is the value of (-8 + 5 - -13) + -5?
5
Calculate 4 + -4 + 0 - -7 - -2.
9
What is the value of -1 + (0 - (-4 + (-5 - -6)))?
2
What is 6 - 4 - 18 - -10?
-6
What is 2 - (-6 + (-4 - -11))?
1
What is the value of -12 + (6 - 10 - -10)?
-6
What is 10 + 0 - (12 + -24 - -20)?
2
-6 + -1 + (-5 - -7)
-5
What is the value of 4 - (8 - 0 - (22 + -21))?
-3
What is 4 + -1 + -3 - (1 + 2)?
-3
What is the value of -5 + (-1 - (-9 + 13))?
-10
Calculate 2 - (-4 + -5 + 5).
6
What is the value of 8 + -9 + -11 + 9?
-3
Calculate (7 - 1 - 4) + 3.
5
What is -9 - -9 - (-2 - -7)?
-5
Calculate (-20 - -17) + 3 + -4 + -3.
-7
Evaluate 0 - (-3 - (5 + -4 + -9)).
-5
1 + 2 + -1 + 2
4
Evaluate 2 + (3 + -5 - -4).
4
Evaluate -33 + 28 - (-1 + 4 + 0).
-8
Calculate (3 - (-1 + 3)) + -9 + 4.
-4
Calculate -1 + -6 + (2 - 3) + 3.
-5
Calculate 3 + 1 + 2 + (-10 - -4).
0
Calculate 6 + 5 + -4 + -8.
-1
3 - (0 + 2) - 2
-1
What is the value of (4 - (3 + -2)) + 1?
4
What is the value of 2 + (1 - -2) + -1?
4
Calculate -9 + (-3 - 